w. Is c composite?
False
Suppose 26*z - 120388 + 18806 = 0. Is z a composite number?
False
Is 1/(11/2384239*13) a composite number?
False
Let r(f) = 5*f**2 + 41*f**3 - 60*f**3 + 2*f - 115*f**3 - 1. Is r(-2) a composite number?
False
Let d = -75 + 104. Let k(v) = v**3 - 27*v**2 - 19*v - 50. Is k(d) composite?
True
Suppose -5*q + 27500 = 5*r, 0 = 2*q - 3*r + 5594 - 16599. Is q prime?
True
Is 3182 + (1 - -5) - 5 composite?
True
Suppose 34 = 4*i + 6. Suppose 8*q = i*q + 1283. Is q composite?
False
Suppose -20*s + 16*s = -144. Let m be 28576/s - (-6)/27. Suppose 551 = 5*k - m. Is k a composite number?
False
Let y(x) = -87*x**3 - 12*x**2 - 4*x - 24. Let r be y(9). Is r/(-20) + (-5)/(-20) a prime number?
False
Let g(s) = 1427*s**2 - 10*s + 68. Is g(5) composite?
True
Let j(r) = r**3 - 2*r**2 - r - 3. Let l be j(5). Let n be (-3)/((-567)/190 - -3). Let v = l - n. Is v a composite number?
False
Suppose 10*j - 2*r - 127816 = 8*j, -r - 255641 = -4*j. Is j composite?
True
Let j(x) = 8*x**2 - 8*x - 17. Is j(14) a prime number?
True
Suppose 2*c = -5*j + 1768, 5*j - 882 = -c + 3*j. Suppose 4*i + c = 2*h - 260, 4*h - 2248 = 4*i. Is h prime?
True
Let p be 0 - 0 - 2*2. Let x(h) = 3 - 3*h - 10*h**2 - 4*h**2 + 16*h**2. Is x(p) composite?
False
Let i = -2445 - -4648. Is i prime?
True
Is (-983073)/(-49) - 8/(-28) prime?
True
Let p = -38 + 42. Suppose -p*v - 4*x + 3925 = x, x = -3. Is v a composite number?
True
Let t(d) = 10*d**3 + 3*d**2 - 2. Let m be t(-3). Let c be 2/(20/(-6))*m. Suppose 8*s = 3125 + c. Is s prime?
True
Let x(t) = 152*t + 45. Let d be x(-24). Is d*1*(-5)/15 a prime number?
True
Let u(g) = -g + 79. Let q be u(-10). Suppose -2*a - 32 = 44. Let z = q - a. Is z composite?
False
Let w be (5/(75/(-6)))/(5/(-19975)). Let p be 6921/6*(-2)/3. Let z = w + p. Is z a composite number?
False
Suppose 18 = q - 24. Let n = 5 + -1. Suppose n*v - 106 - q = 0. Is v prime?
True
Suppose -348*a = -341*a - 131047. Is a prime?
False
Let p be 2 + (-3)/(-6)*-8 + 10. Let c be (-4)/(-14) - 90557/(-7). Suppose p*h - 2127 - c = 0. Is h composite?
True
Let r be (-252 - -1)/(10/(-20)). Suppose -100 = 3*y - r. Is y prime?
False
Suppose 4*i - 191 = -4*z + 137, 0 = -i + 4*z + 87. Is i composite?
False
Let y be 0/4*3/3. Suppose -2*a - p + 1350 = -0*a, y = 5*a + 2*p - 3373. Is a composite?
False
Let s = -388 - -2831. Is s prime?
False
Suppose -2*a + 163 = a - 2*c, -5*a + 4*c + 269 = 0. Suppose 5*k + a = -r - 30, 221 = -3*r + 5*k. Is (-1)/(2 + 155/r) a composite number?
True
Suppose -8986 = -5*i + 11959. Is i a composite number?
True
Is (-4)/(32/(-7366))*(-2 - -6) prime?
False
Let o(w) = 23*w**3 - 7*w**2 + w + 15. Let b(t) = 8*t**3 - 2*t**2 + 5. Let m(y) = -17*b(y) + 6*o(y). Let h be m(5). Let d = 126 + h. Is d a prime number?
True
Suppose w - 5 = -2*v + 4*v, 0 = -3*v + 2*w - 8. Let l be (-9295)/(-20) + v/(-8). Suppose -5*y + 571 = 4*j, -4*y - 3*j + l = -8*j. Is y prime?
False
Let m(g) = 3*g**3 + g**2 + 4. Suppose 6*i - i = 3*k + 19, -i = 3*k - 11. Suppose -2*y - 15 = -5*f, -i*f + 3*f + 6 = -3*y. Is m(f) prime?
False
Let c(i) = 89*i - 20. Let z = 56 + -54. Is c(z) a prime number?
False
Let p(j) = 4*j**2 + 15*j. Let q be -14*(3/(-6) + 0). Is p(q) composite?
True
Suppose 4 = 2*j - 6. Suppose -742 - 493 = -j*f. Is f composite?
True
Let n = 740 - -201. Suppose x = n + 3818. Is x a composite number?
False
Is (146 + -144)/((-2)/(-745)) a composite number?
True
Suppose -4*f = 5*s - 202684, -4*s - 116982 = -2*f - 15640. Is f a prime number?
True
Let u = 21 - -7. Let f = -147 - u. Is 4 - (3 + -3 + f) prime?
True
Let x(k) be the second derivative of 3*k**5/10 + k**4/4 - k**3 + k**2 + 8*k. Let s be x(4). Suppose 0 = 5*a - 3*a - s. Is a composite?
True
Let f be (-5)/(-2)*(-56)/(-10). Suppose 2*m + f = 4*c - 0*m, -c + 4*m = -14. Let o(l) = 294*l - 1. Is o(c) a prime number?
True
Suppose t + 10 = y - t, y = -4*t - 20. Suppose y = 7*n - 113 - 104. Is n a prime number?
True
Suppose 0*g + 2*g = 0. Suppose 18*d - 22*d = g. Suppose y + 12 - 161 = d. Is y prime?
True
Let s(j) = 2*j**2 + 10*j - 13. Is s(-15) a composite number?
True
Let a = -31896 + 45509. Is a a prime number?
True
Suppose -9*w + 10213 + 9227 = 0. Suppose 3*t = 7*z - 2*z + 6472, t - w = -z. Is t composite?
True
Is ((-10)/60)/((-5)/87810) prime?
True
Suppose -19 = w - 22. Suppose y + 582 = w*y. Is y prime?
False
Suppose 0 = -5*j - b + 6780, 0 = 5*j - 2*b - 11134 + 4369. Is j a composite number?
True
Let r = -90 - -86. Is r/22 + 7022/22 a prime number?
False
Let s be ((-825)/(-9))/(6/18). Let w = 206 + s. Suppose 5*k - 2*k - 461 = 2*t, 2*t = -3*k + w. Is k a prime number?
True
Suppose 0 = 3*s + 2*x - 40383, -4*x + 65183 = 4*s + 11335. Is s prime?
False
Let u(l) = 44*l**2 - 48*l - 23. Is u(-24) a prime number?
False
Suppose -6*l + 146554 = -4*l. Is l composite?
False
Suppose -12*k - 15363 = -13*k - 5*m, -15359 = -k - 3*m. Is k prime?
False
Let n(c) = 168*c**2 - 81*c - 17. Is n(-8) composite?
False
Suppose -7*j = -14*j + 13769. Is j a prime number?
False
Let h = 24 + -24. Suppose 0 = -n - j + 625, -2*j + 4 + 0 = h. Is n a composite number?
True
Let r be 4*(-1)/(-12)*12. Suppose 68 - 288 = -r*j. Is j a prime number?
False
Suppose -5*u + 11 = -4. Suppose -3*h + 5*g + 251 = 0, 0 = -2*h + 6*g - u*g + 166. Is h a composite number?
True
Suppose 69*h - 62*h - 7763 = 0. Is h prime?
True
Let g = -370 - -252. Let w = g + 851. Is w a prime number?
True
Let d be (9/(-15))/((-2)/3370). Is 4/(-10) + d/15 composite?
False
Suppose -m + 13 = 2. Let t(u) = 13*u + 14. Is t(m) a prime number?
True
Let t be ((-2)/6 - 0)*-18. Let f = 299 + 297. Is (f/(-12))/((-2)/t) composite?
False
Let y(v) be the second derivative of -v**5/20 - v**4/12 + v**3/3 - 3*v**2/2 + 12*v. Is y(-4) prime?
True
Let j be 6/(-30) + (-357952)/(-10). Suppose j = 42*z - 37*z. Is z composite?
False
Let o(c) = -1038*c**3 + c**2 - 3*c - 3. Is o(-2) a composite number?
False
Let z(g) = -20*g + 7. Let f be z(9). Let y = f + 546. Is y a prime number?
True
Let c(y) = -y**3 + 2*y**2 + 2*y + 4. Let w be c(3). Is w/(-3) + (-1183)/(-3) a composite number?
True
Let t(w) be the second derivative of -4*w**5/5 - 5*w**4/12 - w**3/3 + w**2 - 7*w. Let q be t(-5). Is q/13 - 10/65 composite?
True
Let w(l) = 4*l**3 + 9*l**2 + l - 1. Is w(12) composite?
False
Suppose p - 15 = -4*x, 6*p - 3*p = 3*x. Suppose p*y + y = 5*b + 591, 3*y - 4*b = 443. Is y prime?
True
Let x be 0 + -2 + -1*2 + 13. Is x/144*-4 - 12538/(-8) composite?
False
Let i(k) = -207*k**3 + 2*k**2 - 7. Is i(-2) composite?
False
Let s be (-4 + 3)*1 + -3. Let d be (-33868)/(-36) - s/18. Let b = -618 + d. Is b composite?
True
Suppose 0 = -44*t + 51*t - 152509. Is t a prime number?
True
Let v = -282 - -477. Let s = v + -29. Suppose 0 = r - 3*r + s. Is r a composite number?
False
Let a(u) = u**2 - 8*u + 6. Let t be a(8). Let o(l) = l**3 - 8*l**2 - 4*l - 6. Let c be o(t). Let p = c - -293. Is p prime?
True
Let o(d) be the third derivative of d**5/60 + d**4/8 - d**3/6 - 4*d**2. Let n = 13 - 7. Is o(n) a prime number?
True
Suppose 0 = 4*v + 2*c - 25546, 2*c + 21711 = 4*v - 3839. Is v composite?
True
Suppose -5*q = -5*p - 8325, 3*p + 5030 = q - 5*q. Let y = p + 2387. Is y a composite number?
True
Is ((-8)/3 + 3)/((-14)/(-75642)) a composite number?
False
Let d = 555 - 301. Is d composite?
True
Let k(b) = -2*b**3 - 4*b**2 - 3*b. Let t be k(-2). Is (-5127 + 6)*(-2)/t a composite number?
True
Let d(r) = 71*r**2 - 4*r - 3. Let v be d(-2). Let i be 2055/10*(26/6 - 3). Suppose -3*f + v = 2*m - i, -m = -4*f + 736. Is f prime?
False
Let i(p) = 3979*p + 6. Is i(1) prime?
False
Let v(r) = r**2 - r - 3. Let t be v(3). Let n = t + -9. Is (-2)/n*(1010 - -1) prime?
True
Let a be (-1 + -5)/(-2 - (2 - 5)). Is 11/66 - 6701/a a composite number?
False
Let p be -14*155/8 + (-3)/(-12). Let c(m) = -3*m**3 + 4*m**2 + 4*m + 7. Let y be c(-5). Let x = p + y. Is x a prime number?
True
Suppose 2*s + 2*g - 26 = -0*s, 34 = 2*s + 4*g. Suppose 11*w - 1366 = s*w. Is w a prime number?
True
Suppose 0 = -x - 3*c + 280, 3*c + c - 1160 = -4*x. Let h be ((-52)/5)/((-2)/x). Is (h/4)/((-13)/(-26)) a prime number?
False
Suppose -4*n - 50 = 5*r, 0 = -2*r - n - 29 + 9. Let g = r + 12. Let w(c) = 14*c**2 - 3*c + 3. Is w(g) composite?
False
Suppose n = -8 + 198. Let m = n + 33. Is m prime?
True
Is (-